*f + 2*y + 22, 2*f + 2*y + 17 = -3*y. Let o be 0 - (-5)/((-10)/f). Is o/5 + 48/20 a composite number?
False
Let n be 2/9 + 6/(-27). Is n/3 + 23/1 a prime number?
True
Let n(x) = x - 3. Let r be n(4). Let v be 1/r*(1 - 3). Is (-4569)/(-27) - v/(-9) a composite number?
True
Suppose -t = b - 63, 0*b + 4*b + 5*t = 248. Is b a composite number?
False
Suppose 5*u = k + 4*k - 175, -2*k + 190 = -5*u. Let m = -21 - u. Is m composite?
False
Let s be (16/20)/((-6)/(-285)). Suppose 4*a = 14 + s. Is a prime?
True
Let b(d) be the third derivative of d**6/360 - d**5/24 + d**4/3 - d**3/3 + d**2. Let t(o) be the first derivative of b(o). Is t(6) a composite number?
True
Let r(w) = -40*w + 11. Suppose -2*i - 3*x = 30, -5*i - 7*x - 61 = -3*x. Is r(i) a composite number?
True
Suppose 4*l - 3*d - 15 = 0, 18 = l - 0*l + 4*d. Let n(i) = -4*i**2 + 8 - i + 0 + 5*i**2. Is n(l) prime?
False
Let g = 618 - 365. Is g a composite number?
True
Suppose 9*q + 1194 = 9825. Is q composite?
True
Suppose 4*f - 224 = 2*w, -5*w - 16 = -f + 22. Is f a composite number?
True
Let j be (-2 - 1/(-4))*4. Let v(a) be the second derivative of a**4/4 + 7*a**3/6 - 9*a**2/2 - 2*a. Is v(j) a prime number?
True
Let x be ((-2)/(-2))/((-2)/(-10)). Suppose -x - 19 = 3*j. Is 2/8 - 294/j composite?
False
Let r be 1 - -1 - (-4 + -14). Let n = r + 5. Is n prime?
False
Let q(d) = -d**2 - 5*d + 1. Let a be q(-4). Suppose -2*p - 2*p = -x + 72, p - 444 = -a*x. Suppose -4*f = -x - 44. Is f prime?
False
Is (0 - (-1)/(-2))/((-6)/2676) prime?
True
Suppose 3*l - 1275 = -399. Is (-5)/(2*(-2)/l) a composite number?
True
Let a be (-1)/2 - 2/(-4). Let t(k) = -k**2 + 10*k + 5. Let j be t(7). Is (1 - a)/(2/j) a composite number?
False
Suppose -5*y + 15 = 3*w, 0*y - 4*y + 12 = -w. Let h(z) = z + 161. Is h(w) prime?
False
Let i = 22 + 122. Suppose -2*h + h = -i. Let a = -91 + h. Is a a composite number?
False
Let r be 9584/48 - (-2)/6. Let m(d) = -d + 133. Let x be m(0). Let a = r - x. Is a composite?
False
Let s(w) = 2*w**2 + 1. Let q be s(-1). Suppose j = -q*j + 92. Is j a composite number?
False
Let p = -67 - -194. Is p composite?
False
Suppose 0 = 3*r - 3*v + 7*v - 5293, 0 = v - 4. Is r a prime number?
True
Let q(y) = 4*y - 7. Let a be q(7). Suppose 0*t = t - a. Is t prime?
False
Let u = -36 - -58. Suppose 0*z + z - 27 = 0. Suppose -n + z = -u. Is n a prime number?
False
Suppose 8*x = 3*x - t + 243, -5*x - 3*t + 239 = 0. Suppose -5*j + 6*j + 5 = 0, 3*j + 49 = o. Let u = x + o. Is u a composite number?
False
Suppose 4*b = 8, 3*m - 51 = -0*m - 3*b. Suppose -3*f + m = 2*o, -2 = -o - 5. Is f composite?
False
Suppose -4 = -2*a + 2. Suppose 0 = n - 4*n - a. Let z = 52 + n. Is z a composite number?
True
Suppose y + 0*y = 3. Suppose y*c + 8 = r - 0*c, 3*c = 5*r - 16. Is -110*((-1)/r)/1 a composite number?
True
Let n be (-56)/(-32)*(0 - -28). Suppose 4*t + 3*w = 94, -4*t + n + 31 = -4*w. Is t composite?
True
Let j = 158 + -19. Is j/(-4)*(-16)/4 a composite number?
False
Let o = 265 + -168. Is o composite?
False
Let q = 769 + -462. Is q a prime number?
True
Let h(g) = g**3 + 6*g**2 + 4*g - 2. Let q be h(-5). Suppose l + 10 = q*l. Is 5 + -3 + l*4 a prime number?
False
Suppose 4*p = p + 12. Suppose 5*n = -5*o + 285, -231 = -p*o + n - 2*n. Is o a composite number?
True
Suppose 3*t + t + 4 = 0, 3*t = 4*x - 2391. Is x composite?
True
Let z(f) = -f**2 - 7*f - 5. Let p be z(-4). Let c(s) = 130*s - 4. Let t be c(p). Is 6/21 + t/14 a prime number?
False
Suppose 0 = -z + 3*t + 388, 2*z - 1979 = -3*z + 2*t. Is z prime?
True
Suppose -4*m + 946 = -1078. Suppose 5*v - l + 247 = 890, -5*l = -4*v + m. Is v composite?
True
Suppose 37 + 19 = 2*k. Let c = 49 - k. Is c a prime number?
False
Let g(l) = -l**2 + 9*l - 8. Let p be g(8). Let r = -9 + p. Let t = 29 - r. Is t composite?
True
Let k(r) = r + 1. Let v be k(3). Suppose i + 4*s = 3*i - 16, 0 = -v*i - s + 32. Suppose 0 = m - 27 + i. Is m prime?
True
Let g = 75 + 254. Is g a composite number?
True
Suppose -5*z + 1341 = 5*n - 984, -926 = -2*n - 4*z. Is n a composite number?
False
Let q(g) = 11*g**3 + 5. Is q(4) a prime number?
True
Let y be ((-10)/6)/(7/(-21)). Suppose 0 = 3*o - 0*o - 2*k - 1223, -2*k = y*o - 2065. Is o prime?
False
Is (30/24)/((-2)/(-664)) composite?
True
Suppose -13*k + 6924 = 2257. Is k a composite number?
False
Let t(o) be the second derivative of o**6/36 - o**5/120 - o**4/12 - o. Let g(s) be the third derivative of t(s). Is g(2) a composite number?
True
Let s be (13 + -3)*(-14)/(-4). Let r(v) = 9*v**3 - 2*v + 2. Let k be r(2). Let d = k - s. Is d a prime number?
False
Suppose a + 3*a + 3*p = -23, -4*a = -2*p - 2. Is ((-5)/(-15))/(a/(-402)) a composite number?
False
Let a = -46 - -28. Let b be 28/(-21)*a/4. Is b/(-3) - -38 - -1 a composite number?
False
Suppose w + 299 = 2*w. Is w a composite number?
True
Let i(b) = -14*b - 6. Let f be i(-4). Suppose 8*l - 3*l = -f. Is ((-25)/10)/(1/l) prime?
False
Is ((-7)/14)/(1/(-446)) composite?
False
Let p(c) = 55*c - 2. Let z be p(-5). Let j = 456 + z. Is j a composite number?
False
Let i(v) = -7*v**2 + 6*v - 4. Let m(c) = c**2 + c + 1. Let t(r) = -i(r) - 3*m(r). Is t(6) a composite number?
True
Let f(w) = w**3 - 15*w**2 - w - 24. Is f(17) composite?
True
Let p be 3*(14/(-6) + 3). Let d(h) = 3*h**3 - 4 - h + 7*h**p - 2*h**3 - 5 + 4. Is d(-7) composite?
False
Let j be 2*3/((-6)/(-8)). Suppose -j*g + 4*g = -156. Is g a composite number?
True
Let i(h) = -110*h + 3. Let u be 3 - 3*(-7)/(-3). Is i(u) prime?
True
Let y = -17 + 29. Let q = -8 + y. Suppose -q*t + t = -4*m + 160, -58 = -2*m - 4*t. Is m composite?
False
Let w(x) = 13*x - 6. Let d(j) = j**2 + 1. Let k be d(1). Suppose -k*s + 4 = -s. Is w(s) a composite number?
True
Let j(q) = 4*q**3 - 10*q**2 - 7*q + 5. Let d(k) = k**3 - k**2 - k - 1. Let y(i) = -5*d(i) + j(i). Is y(-6) composite?
True
Suppose 4*u + 3*h + 730 = 2*h, 3*u - 2*h = -542. Let v = u - -309. Is v prime?
True
Suppose -3*m = 315 - 1716. Is m composite?
False
Let i be (-2)/(-6)*(60 + 3). Let o be ((-28)/12)/((-1)/6). Suppose g - i = o. Is g composite?
True
Let h = 11 - 7. Suppose 0*v - h*v = -8. Is (v*(-37)/2)/(-1) prime?
True
Is ((-748)/(-20))/((-2)/(-10)) composite?
True
Let i(h) = -416*h - 1. Let v = -13 + 12. Is i(v) a composite number?
True
Let c be 5/(-3) + 3/(-9). Is (67/2)/((-1)/c) composite?
False
Let o be (1 + 0 - 21)/(-1). Is 50/o*(-332)/(-2) a composite number?
True
Let d(g) = -g**2 + 9*g. Suppose -11 = 5*l - 41. Let k be d(l). Suppose -m = m - k. Is m a prime number?
False
Suppose 0 = 8*f - 4*f. Suppose -2*k = 9 + 1, -k - 21 = -4*c. Suppose 3*p + c*o = 87, -4*p + 0*o + 4*o + 144 = f. Is p composite?
True
Let z(c) = -c**2 + 6*c - 2. Let j be z(5). Suppose -5*n + j*f = -805, 0*n + 5*f - 161 = -n. Is n composite?
True
Let o be (9*-1)/(-13 - -14). Let j = 58 - o. Is j composite?
False
Let w(g) = -g**3 - 6*g**2 - 2*g - 8. Let d be w(-6). Suppose -6*k + d*k + 222 = 0. Is k composite?
True
Let f(n) = n**3 - 3*n**2 + n. Let w be f(3). Suppose j + 3*r = -10 - 15, 0 = w*j + 4*r + 65. Let s = 50 + j. Is s a composite number?
False
Let c(k) = 45*k**3 + 3*k**2 - 2*k + 3. Let s be c(2). Let g = s - 78. Is g composite?
False
Suppose s = -2*s + 849. Let w = -26 - -44. Suppose -5*v - w = -s. Is v a prime number?
True
Suppose -3*g + 5*z - 11 = 13, -4*g - 18 = -2*z. Is (1 - 16)*(g + 2) a prime number?
False
Suppose 9 = -2*t - 7. Let q(s) = -6*s + 11. Is q(t) a composite number?
False
Let x = 128 - 90. Suppose a + x = 3*a. Let i = a + -13. Is i prime?
False
Let g = 7 - 5. Suppose 23 + 32 = 5*l - 5*u, l - 13 = g*u. Let v(i) = 3*i - 8. Is v(l) composite?
False
Let q = -14 + 17. Suppose -2*g + 4 = 0, 3*g + 24 = 2*y - y. Suppose -q*w + y = -75. Is w prime?
False
Let n(h) = 9*h**2 - 12. Is n(5) prime?
False
Suppose 4*h + 1698 = h. Let r = -403 - h. Is r composite?
False
Let m be -1 + 1/(-1)*-6. Suppose -m*s - 10 = 0, -163 = -3*c - s - 0*s. Suppose -5*o = 1 - 21, -3*o = -i + c. Is i a prime number?
True
Let v(r) = -9*r - 5 - 18*r - 7*r. Is v(-4) a composite number?
False
Let c be ((-8)/(-3))/((-4)/(-6)). Suppose c*k - 418 = 346. Is k a composite number?
False
Suppose -2*i - 29 = -3*u, 4*i + 8 = -4*u - 0*u. Let g = i + 8. Let l = g + 18. Is l a composite number?
False
Suppose 3*u - 4199 = 9*r - 11*r, 3*u = -4*r + 8401. Is r comp